 of f(i).
2, 3
Let y = -24 + 16. Let h(z) = -z**3 - 8*z**2 - 6*z. List the prime factors of h(y).
2, 3
Let i(b) = -b**3 - 11*b**2 + 5*b + 11. Let s be i(-8). Let p be 2/5 - s/(-65). What are the prime factors of 9/p + 32/1?
29
Suppose 25*s - 47712 = 238. List the prime factors of s.
2, 7, 137
Let u = 15 - 12. Suppose 0 = -4*j - u*z + 4*z + 56, 8 = -2*z. Let i = 32 + j. What are the prime factors of i?
3, 5
Suppose 0 = 19*r - 4487 + 516. What are the prime factors of r?
11, 19
Suppose 25*r + 160 = 20*r. List the prime factors of (4*6)/((-24)/r).
2
Suppose 25*f + 3334 = 29*f + y, 5*f + 3*y = 4171. List the prime factors of f.
7, 17
Let o(u) = u**3 - 53*u**2 + 38*u - 168. What are the prime factors of o(54)?
2, 3, 5
Suppose 11*o = 6*o + 10. Suppose 0 = -o*q - 3*q + 20. Suppose -2*i + q*c + 0*c = -52, -4*c + 56 = i. List the prime factors of i.
2, 3
Let i(x) = 436*x + 423. What are the prime factors of i(13)?
6091
Let x(p) = -2*p + 2*p**2 - p**2 + 23 + p - p**3. Let r be x(0). Let g = r + -6. List the prime factors of g.
17
Suppose -14*j = 763 - 2681. Let g be 4/(1*2/(-38)). Let s = g + j. List the prime factors of s.
61
Let y(f) = -f**2 + f - 2. Let i be y(-2). List the prime factors of (-294)/15*2/(i/10).
7
Let g be -1*1*(157 + -6). Let d = g + 262. Suppose -4*v + 3*n + d = 0, 2*v - 4*n - 55 - 13 = 0. List the prime factors of v.
2, 3
Suppose 3*o = 3*x + 783, -2*o + 7*o - 1305 = 4*x. Suppose o = 12*d - 447. What are the prime factors of d?
59
Let l = -2 + 3. Let v(k) = 1. Let s(i) = i - 2. Let d(y) = 6*s(y) + 13*v(y). List the prime factors of d(l).
7
Let s be (9/12)/(12/112). Suppose 5*a = s*a - 8. List the prime factors of (6/a)/(15/280).
2, 7
Let k(j) = j**3 + 11*j**2 + 11*j + 14. Let i be k(-10). Suppose -i*p = -157 - 335. List the prime factors of p.
3, 41
List the prime factors of (6 - 0) + -3 + -9 + 1123.
1117
Suppose -5*z = -11*z + 510. Suppose 3*f + 3*p - 129 = 0, z = 2*f - 0*p + p. What are the prime factors of f?
2, 3, 7
Let o = 0 + 0. Suppose o + 3 = t. List the prime factors of 7/(28/72) - t.
3, 5
Let u(f) = f + 42. Let m be u(0). Suppose -110 = -i - m. Let r = -41 + i. What are the prime factors of r?
3
What are the prime factors of (-2)/10 - ((-299302)/85 - -11)?
2, 3, 5, 13
Suppose -v - m - 4*m = -13, v = -4*m + 11. Suppose 2*d - 7*d + 3*j = -1223, -v*d - 4*j = -757. What are the prime factors of d?
13, 19
Let x(d) = 60*d**2 + 5*d + 6. Suppose -y + 1 = n - 0, -5*n - 3*y + 1 = 0. List the prime factors of x(n).
61
Suppose 17*m - 15*m + 284 = 0. Let w = m - -216. What are the prime factors of w?
2, 37
Let f(g) be the second derivative of 7*g**4/12 - g**3/3 - g**2/2 - g. Let z = -58 - -56. List the prime factors of f(z).
31
Let c(s) = -s**2 + 3 - 6*s - 7*s + 0*s. Let v be c(-8). Let j = -3 + v. What are the prime factors of j?
2, 5
Suppose 52*p - 36816 = 40*p. List the prime factors of p.
2, 13, 59
Suppose 5*f = -7 + 37. Suppose 2*c = -f + 10. Suppose 3*x - 5*z = 31, -4*x = -x + c*z - 17. List the prime factors of x.
7
Let a = 150 - 67. Suppose 5*z = -2*k + 32 + 390, k + a = z. Suppose 6*c = 162 + z. List the prime factors of c.
41
Let r(h) = 9*h - 3. Let i be r(3). Let b = 0 + i. Suppose -4*y = -4*p - 64, 4*y - 2*p = 44 + b. What are the prime factors of y?
2, 3
What are the prime factors of ((-600)/(-210))/(3/(-63)*-3)?
2, 5
Let v = 64 + -64. Suppose v = -l - l + 60. What are the prime factors of l?
2, 3, 5
Let s(f) = 4*f + 1. Let w be s(11). Let r be w + (-3)/(3/(-4)). Suppose -3*y + 3*d + 49 = -2, -3*y + 5*d + r = 0. What are the prime factors of y?
2, 3
Let r be (-3)/(-2)*(-2)/(-1). Let x be (-95)/5*-8*1/2. Suppose -4*g + 0*f = 2*f - x, -r*f - 66 = -4*g. List the prime factors of g.
2, 3
Let u(a) = 6*a**2 + 2*a + 5. Let h(l) = -19*l**2 - 5*l - 14. Let q(d) = -3*h(d) - 8*u(d). Let v be q(1). List the prime factors of (-8)/v*(-7 - 33).
2
Let o(i) = i + 1. Let w be o(2). Suppose -3*m = -b - 14, 10 = 5*m - w*b - 20. List the prime factors of 56/10 + m/(-5).
5
Suppose 5*c + 5*h = 4570, 2*h + 779 + 1029 = 2*c. What are the prime factors of c?
3, 101
What are the prime factors of -2*(-3 - (-39564)/(-24))?
3, 367
Suppose 3*t = 179 + 28. Suppose 0 = -5*n - 5*g + 150, 0 = -2*g + 17 - 9. Let u = t - n. List the prime factors of u.
43
Let r = 396 - 620. Let i be (r/70)/(4/(-10)). What are the prime factors of 3/i - (-2343)/88?
3
Suppose -3*u = -4*y - 0*u + 608, -3*u - 456 = -3*y. Suppose -7*l - l + y = 0. What are the prime factors of l?
19
Let v = 2334 + -1211. List the prime factors of v.
1123
Suppose -2*d - 1 = -3. Let l be (3/1)/(0 + d). Suppose 48 = l*t - 36. What are the prime factors of t?
2, 7
What are the prime factors of 299 + (-5)/4*4?
2, 3, 7
Let k = -659 - -645. Let n(z) = z**3 + 12*z - 3 + 4 + 15*z**2 + 9. What are the prime factors of n(k)?
2, 19
Let j(k) = k**3 - 4*k**2 + 4*k + 4. Let v(x) = -x**2. Let g(z) = j(z) - v(z). List the prime factors of g(4).
2, 3
Suppose 4*a = 7*a - 6. Suppose q + 68 - 220 = -2*l, a*q + l - 292 = 0. What are the prime factors of q?
2, 3
Let a = 9388 - 5384. What are the prime factors of a?
2, 7, 11, 13
Let p(n) = n**3 - 18*n**2 + 19*n - 26. Let y be p(17). Suppose -2*a - 4*q - 6 = -2*q, 0 = q + 2. Let l = y + a. List the prime factors of l.
7
Let w(o) = 2*o**2 + 24*o + 42. Let p be w(-12). Suppose 5*t + 3*d = t - 108, 0 = d - 4. Let y = p + t. List the prime factors of y.
2, 3
Let p(n) = -27*n + 2. Let s(y) be the second derivative of 3*y**3 - y**2/2 + 4*y. Let o(v) = 5*p(v) + 7*s(v). List the prime factors of o(-3).
2, 3, 5
Let z(t) = -t**3 + 4*t**2 + 5*t + 1. Let h be z(5). Let n be h - (20*-1)/1. Suppose n = i - 9. List the prime factors of i.
2, 3, 5
Let i = 334 - 190. Suppose 0 = 3*q + 2*y - i, -2*y + 236 = 5*q - 0*q. What are the prime factors of q?
2, 23
Suppose -5*p = q - 13, 5*p - 21 = 4*q - q. Let o(h) = h**2 + 1. What are the prime factors of o(q)?
5
Let s(d) = -45*d + 19. What are the prime factors of s(-12)?
13, 43
Suppose -3*l - 5 = -4*c, 0 = 5*l - 3*c + 1. Let t(g) = 135*g**3 - 2*g + 2. What are the prime factors of t(l)?
3, 5
Let y(m) = 304*m + 5. Suppose 0 = -5*l - 0*o - 5*o - 15, 3*o + 17 = 5*l. List the prime factors of y(l).
3, 103
What are the prime factors of (148/(-8) - -5)*(7 - 103)?
2, 3
Let y(l) = 3*l + 27. Let x(o) = -o - 9. Let j(f) = -7*x(f) - 2*y(f). Let z be j(-10). List the prime factors of 5 - 6 - z*7.
2, 3
Suppose 8*q = 3*q + 20. Let h be q/(-16) - 249/(-4). Suppose 0 = -22*a + 21*a + h. List the prime factors of a.
2, 31
Let v be 6/(-4)*(-16)/(-6). List the prime factors of (4/(-10))/(v/220).
2, 11
Let r(j) = 55*j**2 - 10*j - 1. What are the prime factors of r(1)?
2, 11
Let l(f) = f**3 - 10*f**2 + 11*f - 6. Let q be l(9). Let k = -9 + q. Suppose -j + 2*g = -32, 3*g - 48 - 12 = -k*j. What are the prime factors of j?
2, 3
Suppose -256 = -3*s - 5*h, -h - 3 = 2*h. Suppose -d - 27 = -s. List the prime factors of d.
2, 3, 5
Let b(s) be the second derivative of -s**4/12 + 13*s**3/6 + 3*s**2/2 - s. Suppose 3*z + 21 = 6*z. List the prime factors of b(z).
3, 5
Let n(t) = 19*t + 14. Suppose 15*v - 93 = 57. List the prime factors of n(v).
2, 3, 17
Let d(u) = 49*u + 10. Let f(j) = -4*j - 17. Let w be f(-5). List the prime factors of d(w).
157
Let s(i) = -i**2 - 8*i + 1. Suppose 3*v = v + 12. Suppose 20 = -2*m + v. What are the prime factors of s(m)?
2
Suppose -39368 = -44*l + 17612. What are the prime factors of l?
5, 7, 37
Suppose z = -5 + 19. Suppose 5*n = 3*t + 9, -4*t = -2*n - 0*n - 2. Suppose -t*k = z - 74. What are the prime factors of k?
2, 3, 5
Suppose v = -2 - 2. Let b be -2*v/(-16)*-10. Suppose 297 = b*z - 53. What are the prime factors of z?
2, 5, 7
Let l(q) = 179 + 4*q**2 - 345 + 174 - q**2 + 2*q. What are the prime factors of l(8)?
2, 3
Let c(d) = d**3 - 4*d**2 - 5*d. Let f be c(5). Suppose 3*n - 64 = 2*o, 3*n + f*n - 66 = 3*o. Suppose -n = 4*t - 8*t. List the prime factors of t.
5
Let c = -1746 + 2772. What are the prime factors of c?
2, 3, 19
Suppose 5*v = -7 + 47. Suppose -v = 3*n - 95. Let j = n - 1. List the prime factors of j.
2, 7
Let l(b) = -43*b - 114. What are the prime factors of l(-14)?
2, 61
Let g(v) = -v**2 - 20*v + 20. Let r be g(-19). Suppose 0 = -16*l + 17*l - r. What are the prime factors of l?
3, 13
Let v be (4 + -2)*(-36)/(-3). Let b = 